17. Let c(a) = a + 12. Let v be c(y). Let g(q) = -2 + q**v - 3*q**2 - q**3 + 4*q**2 + q. Determine g(3).
-8
Let h(q) = q + 6. Let s = 30 - 23. Suppose -s = 5*f - 107. Suppose 0 = g + 5*w - f, 3*g + 0*w + 20 = w. What is h(g)?
1
Let v be (7 - -5)*13/(234/12). Let f(r) = r**3 - 5*r**2 - 25*r + 2. Determine f(v).
-6
Suppose -5*q + 45 - 10 = 0. Let a(v) = v**2 - 6*v - 6. Calculate a(q).
1
Let z(y) = -y + 8. Suppose -3*u = -u - 8. Suppose 0*q + u*q = 16. Calculate z(q).
4
Let a = 59 + -45. Suppose -t + 3*t + 26 = 5*z, -4*t + a = z. Let j(o) = o + 9. Let n(b) = -1. Let f(s) = -j(s) - 5*n(s). Determine f(z).
-10
Let c(y) = 7*y**2 + 1 - 10*y**2 - 6*y + 6*y**2 + 2*y - 4*y**2. Calculate c(-4).
1
Let v = 12 + -9. Suppose -v*q + 37 = -26. Let z(g) = -g + 27 - 50 + 3*g**2 + q. Determine z(-2).
12
Let t(d) be the first derivative of d**4/4 + 5*d**3/3 - 2*d**2 + 5*d - 136. Let h = -10 - -4. Give t(h).
-7
Suppose 13*c + 23 = 5*s + 9*c, 0 = -s + 4*c + 11. Let n(f) = 2*f**2 - f. Let w be n(3). Let u(y) = -5*y**2 + 12*y - w*y - s + 3*y**2. Give u(-3).
-12
Let r(v) = v**2 - 5*v + 3. Suppose 5*q - h + 2*h = -64, 5*q + 70 = 5*h. Let x(o) = -4*o - 49. Let m be x(q). Calculate r(m).
-3
Suppose 5*u = 5 + 5. Let w(n) = -5*n + 7*n + u*n - 6 - 5*n. Suppose 6*y - 3*y = 5*p - 10, -3*y - 5*p + 10 = 0. Determine w(y).
-6
Let u = -56 + 51. Let a(f) = -2*f. Calculate a(u).
10
Suppose -17*n = -15*n - 6. Let r(d) = 5 + 2 - 6 + 0 - 2*d. Calculate r(n).
-5
Let j(z) = 5*z**2 + 5*z + 3. Suppose 2*x = -3 - 7. Let c(i) = -3*i**2 - 2*i - 1. Let o be (-15)/6 + (-2)/(-4). Let d(n) = o*j(n) + x*c(n). What is d(1)?
4
Let x(o) = -11*o**2 - 13*o**2 + 37*o**2 + 14*o - 14*o**2 + 4. Give x(14).
4
Let x(z) = 2*z. Let p(t) = -1. Let g(c) = p(c) + x(c). Let l(f) = -1 - 2*f + 3 - 4 + f. Let a be l(-3). What is g(a)?
1
Let m(d) = 6 + 7*d**2 + d**2 + 2*d**2 - d - 9*d**2. Determine m(0).
6
Let x(y) = y**2 - 5*y + 4. Let d be 1400/(-60) + (-2)/(-6). Let g = d + 33. Suppose -g*z = -9*z - 5. What is x(z)?
4
Suppose 20*d + 110 = -10. Let j(v) = 3*v + 2. Give j(d).
-16
Let r(y) = -y**3 + 10*y**2 - y + 23. Let t be r(10). Let w(m) = -2*m + 13. What is w(t)?
-13
Let k(s) = -s**2 - 10*s + 17. Let u(i) = -i**3 + 35*i**2 - 35*i + 23. Let t be u(34). Determine k(t).
6
Let z(i) = -i**2 - 3*i + 7. Let p = -136 - -138. Suppose 15 = -4*o - 5*t, t = 2*o + p*t + 9. Give z(o).
-3
Suppose 3*t + 1 + 14 = 0. Let s(f) = -7*f + 7. Let u(w) = w - 1. Let h(k) = t*u(k) - s(k). Calculate h(6).
10
Let a(m) = m**3 + 6*m**2 + 3*m - 5. Let p be (-15)/(-10)*(-4)/(-3). Suppose p*g + 32 = 6*g. Suppose -2*u - 15 = -3*v + g*v, 0 = -5*v + 4*u - 45. Give a(v).
5
Let u = -21 - -26. Suppose -2*t + 1 = 3*j - 3, 3*j = u*t + 32. Let s(h) = h - 1. Give s(t).
-5
Suppose 10 - 32 = -2*b. Let t(h) = -h**2 + 11*h - 3. Give t(b).
-3
Suppose 0 = -0*s + s - 13. Let h(g) = -g**3 - 5*g**2 - 7*g + 3*g - 10 + s*g**2 - g. Determine h(7).
4
Let c be -15 + (-4)/(-2) + -1. Let d(q) = 3*q + 35. Let u be d(c). Let s(x) = -x**3 - 6*x**2 + 7*x - 1. Give s(u).
-1
Let g(r) = r**3 + 8*r**2 + 13*r + 5. Let t be (-110)/(-33)*54/(-30). What is g(t)?
-1
Let a(t) = -t**3 + 6*t**2 - 2. Suppose 2*q + 14 = q. Let l = 6 + q. Let s = 14 + l. What is a(s)?
-2
Let o(k) be the third derivative of 0*k**3 + 0*k + 7*k**2 - 1/30*k**5 + 1/6*k**4 - 1/720*k**6 + 0. Let b(w) be the second derivative of o(w). Calculate b(5).
-9
Let f(u) = -u**2 + 2*u + 21. Suppose -40 = 109*q - 117*q. Calculate f(q).
6
Let s(w) = -2 - 15 + 2424*w**2 + w**3 - 13*w - 2414*w**2. What is s(-11)?
5
Let p(o) = 113*o**2 + 110*o**2 + 2*o - 224*o**2 + o + 0*o - 3. Give p(6).
-21
Let v(x) = -5*x - 4. Let f = 16 + -19. Let y = f + 6. Suppose -13 = p + 4*p - 2*g, y*p + g + 10 = 0. Give v(p).
11
Let h(r) = 19 + 3 + 4*r**2 - r**3 - 8 - 9*r - 15*r**2. Let s be 3/2 - (-92)/(-8). What is h(s)?
4
Let a = 2 - -8. Let s = 9 - a. Let j(t) = 5*t. Let w be j(s). Let o(g) = -g**2 - 5*g - 7. Determine o(w).
-7
Let i(v) = -v + 1. Suppose -p + 1 = -0*p. Let s(r) = -3*r**2 + 2*r**2 - 3 - r + 9 - p. Let a be s(0). Give i(a).
-4
Suppose 0 = -6*j + 48*j - 378. Let s(y) = y**3 - 9*y**2 - 7. Determine s(j).
-7
Let z(n) be the third derivative of n**5/60 + 5*n**4/24 + n**3 + 11*n**2 + 8*n. What is z(-4)?
2
Suppose -69 = -2*j - 9*z + 4*z, 4*j - 171 = z. Let n be 2/(-3)*j/(-2). Let x(t) = -n - 2*t + 28 - 15. Give x(-1).
1
Let k(h) = -5 + 5 + 5*h + 7*h**2 + 7*h**3 + 3. Let g(m) = 3*m**3 + 4*m**2 + 3*m + 2. Let v(i) = -5*g(i) + 3*k(i). Calculate v(1).
6
Let w(y) = -76*y**2 + 44*y**2 + 1 + 31*y**2 + 16 - 11*y. What is w(-12)?
5
Let i(n) = 2 - 4 + 6 - 6*n + n + 5. Determine i(6).
-21
Let g(k) = -4 + k**2 - 2 + 14 - 6 - 4. Determine g(-3).
7
Let d(j) = 63 + 8*j - 22 - 29 + 10*j**2 + j**3 - 23. Give d(-9).
-2
Let l be (0 - 5)/(5 - 4). Let g(h) = 2*h**2 + 11*h + 1. Determine g(l).
-4
Let c(n) = -4*n + 19. Let t be c(4). Let l(i) = i**2 - 7*i + t - 1 - 2. Determine l(6).
-6
Let x(g) = 3*g + 4. Let r(c) = 11*c + 14. Let t(d) = 2*r(d) - 7*x(d). Calculate t(4).
4
Let k = 5 - 1. Let o(x) = -x**2 + 1. Let z(f) = f**2 - 4*f - 1. Let j be z(4). Let p(l) = -7*l**2 + 3*l + 11. Let h(a) = j*p(a) + 6*o(a). What is h(k)?
-1
Let v(a) = 3*a + 7. Let j be v(-2). Let g(r) = 3*r - 1. Determine g(j).
2
Let o(b) be the third derivative of -b**6/120 + 7*b**5/60 + b**4/4 + 4*b**3/3 + 876*b**2. Suppose -k + 15 - 7 = 0. Give o(k).
-8
Let f(o) = -4*o - 8. Let h(z) = -z**3 - 14*z**2 - 15*z - 19. Let q be h(-13). Suppose -q = 6*j + j. Let i be (-26 - -32)/(j*1). What is f(i)?
16
Let g(c) be the first derivative of c**4/2 - 7*c**3/3 + 6*c**2 - 7*c + 13. Let j(b) = -b**3 + 3*b**2 - 6*b + 3. Let t(w) = -4*g(w) - 7*j(w). Give t(6).
7
Let m(k) = -3*k**3 + 12*k**2 - 7*k - 16. Let p(i) = -5*i - 26*i**2 + 0*i**3 - 6 - 5 - 2*i**3 + 34*i**2. Let y(l) = 5*m(l) - 7*p(l). Calculate y(4).
-3
Suppose y - o = -12, -y - 6*o = -4*o. Let v be 2/y + (-3 - (-29)/4). Let z(b) = b + 5. Calculate z(v).
9
Let d(u) = -8*u + 3 + 5 + 8 + 26. What is d(6)?
-6
Let a(n) = 16 - 66 + 17 - 3*n + 18. What is a(-9)?
12
Let g = -1 - -4. Suppose -2*c = 0, w - 3 = 2*c + g. Let v(b) = -b + 3. What is v(w)?
-3
Let w(g) be the first derivative of -1/15*g**5 - g**2 + 1/6*g**3 - 1/120*g**6 + 0*g - 1 + 1/12*g**4. Let c(j) be the second derivative of w(j). Give c(-4).
-7
Let j(y) = 31*y - 1 - 12*y - 21*y + 2*y**2. Determine j(-2).
11
Let q(b) = -b**3 + 8*b**2 - 7*b + 2. Let a be q(7). Suppose -h = j + 3, -a*j + 15 - 6 = -3*h. Let y(l) = l - 17. Give y(j).
-17
Let i(d) = 20*d + 39. Let r(x) = -7*x - 14. Let n(z) = -4*i(z) - 11*r(z). Suppose -j - 3*j - 23 = 5*b, 0 = 4*b + 12. Determine n(j).
4
Let c(a) be the first derivative of -2*a + 3*a**2 - 4/3*a**3 + 14 - 1/4*a**4. Determine c(-5).
-7
Let x(s) = 2*s**2 - 5*s + 5. Let o be x(2). Let a(j) = 9 - o*j - 8 + j - 2*j**2. Give a(1).
-3
Let m(o) = 3*o**2 - 17*o + 5. Let f(a) = -2*a**2 + 9*a - 2. Let w(u) = -5*f(u) - 3*m(u). Let n be w(-7). Let r(g) = g**3 - 4*g**2 + 2*g + 2. Calculate r(n).
-2
Let c(n) = -n - 15. Let l(u) = 17*u + 181. Let q be l(-10). Calculate c(q).
-26
Suppose 5*p - 84 = -p. Suppose m - 6 = -p. Let k(s) = -s + 3. Give k(m).
11
Let k(x) = -x + 43. Let b be k(15). Suppose -5*l = 8 - b, 0 = v - 4*l + 20. Let f(w) = -w**3 - 4*w**2 - w + 4. Calculate f(v).
8
Let z = -2 + -14. Let o = 10 - -3. Let r = z + o. Let c(h) = h**3 + 4*h**2 + 3*h - 4. What is c(r)?
-4
Let a(b) = -5 - b + 2 + 3*b + 2*b. Let k(p) be the third derivative of -p**5/60 - p**4/6 + p**3/2 - p**2. Let v be k(-4). Give a(v).
9
Let c(p) = 4*p + 2. Let a(n) = 24*n - 12. Let g be a(2). Suppose -8*j = 4*j + g. Determine c(j).
-10
Let r = 9 - 4. Let x be r + (-2 - 0) + 3. Let q(y) = -7*y - 2. Let g(j) = -5*j - 1. Let w(t) = 3*g(t) - 2*q(t). Give w(x).
-5
Let g(v) = 9*v**2 - 6 - 34*v**2 - 7*v + 12*v**2 + 7*v**2 + 7*v**2. Determine g(7).
-6
Let k(l) = -4*l + 21*l - 2*l + 25*l + 1. Give k(1).
41
Let c(x) = x**3 - 2*x**3 + 56 - 58 - 2*x - 4*x**2. Calculate c(-4).
6
Let t(r) = 13*r**2 + 15*r + 41. Let q(c) = 8*c**2 + 10*c + 26. Let g(x) = -8*q(x) + 5*t(x). Give g(6).
3
Let m(d) = -d**2 - 10*d - 7. Let q(i) = 12*i + 65. Let v be q(-6). What is m(v)?
14
Let w be (-4)/(8/10)*1. Let t(j) be the second derivative of j**3/3 + 7*j**2/2 - 2*j + 170. What is t(w)?
-3
Let w(x) = -15 + x**3 - 22 + 3*x**2 + 57 -